33. Suppose 4*h - 596 + 180 = -4*v, -3*v + 313 = 4*h. What is the remainder when v is divided by i?
19
Let a(y) be the third derivative of y**4/24 + 17*y**3/2 - y**2 - 39. Calculate the remainder when 129 is divided by a(-15).
21
Suppose -3*s + 41 = 3*m - s, -3*m - 3*s = -39. Calculate the remainder when 373 is divided by m.
13
What is the remainder when 40 is divided by (3 + 7/5)/((-6)/(-30))?
18
Suppose 39*u + 13*u + 716 = 56*u. Calculate the remainder when 534 is divided by u.
176
Let u = 13 + 13. Let w(d) = d**2 - 25*d - 9. Calculate the remainder when w(u) is divided by 128/10 + 3/15.
4
Let o be (4/2 - 4)/((-20)/(-130)). What is the remainder when (2/(-8)*2)/(o/2158) is divided by 42?
41
Let a be 492/20 - 6/(-15). Suppose -b = 4*b - a. Suppose b*s - 10 = -5*s. What is the remainder when s is divided by 1?
0
Suppose 13*b + 20 - 51 = 229. What is the remainder when 5685 is divided by b?
5
Let a(x) = -55*x - 223. Let r = -85 + 38. Let n = r - -83. Calculate the remainder when a(-6) is divided by n.
35
Let z be 8/(16/(-6)) - -8. Suppose -5*j + 890 = -z*g, -4 + 720 = -4*g + 3*j. Calculate the remainder when 35 is divided by (-1*g/21)/((-4)/(-6)).
9
Let c(g) = 4*g**2 - 319*g + 88. What is the remainder when 2691 is divided by c(80)?
3
What is the remainder when 621 is divided by (1 - 4)/(54/(-54)) + 160?
132
Let x = 713 - 389. Suppose g - 92 = -2*s, -4*g + 2*s + x = -84. Calculate the remainder when g is divided by 15.
10
Suppose 2*h - 2*l = 1206, h - 22*l = -20*l + 608. What is the remainder when 1238 is divided by h?
42
Let i = 170 - -602. Suppose -78 - i = -17*s. Calculate the remainder when s is divided by 27.
23
Let i = -4053 - -4116. Calculate the remainder when 1053 is divided by i.
45
Let o = 10737 - 10731. What is the remainder when 736 is divided by o?
4
Let k = -13590 + 13685. Let s(g) = -g**3 - 8*g**2 - 8*g + 3. Let b be s(-7). Calculate the remainder when k is divided by b/(-4)*(-10)/1.
20
Suppose -60*m + 55*m - 30 = 0, 5*j - 19302 = 2*m. Calculate the remainder when j is divided by 13.
10
Let a = -117 - -125. Suppose 2*y + y - 18 = -u, -2*u = 2*y - 24. Suppose -u*k + 209 = -a*k. What is the remainder when k is divided by 35?
34
Let r = -4185 + 4759. Calculate the remainder when r is divided by 281.
12
Let l(j) = -7980*j + 8233. Suppose 3*v - 66 = -0*v. Calculate the remainder when l(1) is divided by v.
11
Suppose t = -3*m - 3*t + 55561, 0 = 5*m + t - 92613. What is the remainder when m is divided by 157?
154
Let f(g) = -14*g**2 - 48*g - 6. Suppose -5*x + 145 - 30 = 0. Calculate the remainder when x is divided by f(-3).
11
Suppose -1 = -9*l + 98. Calculate the remainder when 456 is divided by l.
5
Suppose -3*h = 11*h - 224. Suppose -h*x + 1984 = 16*x. Calculate the remainder when x is divided by 46.
16
Let y(b) = b**3 + 12*b**2 - 13*b - 4. Let s be y(-13). Let t(z) = -5*z - 9. Calculate the remainder when ((-114)/30)/((-2)/10) is divided by t(s).
8
What is the remainder when 79 is divided by (((-624)/(-42))/(-2))/(12/(-42))?
1
Let h(k) = 6*k - 6. Let b be 2/(-3)*(-14 - -11). Let i be h(b). Suppose 0 = i*p - 17 - 13. What is the remainder when 16 is divided by p?
1
Suppose 44 = 4*p - 16. Let g = 17 - p. Suppose g*w - 4*l = 4*w - 32, -5*w - 2*l = -56. Calculate the remainder when 19 is divided by w.
9
Let q be ((-6)/(-10))/((-1)/((-60)/18)). Let f(u) = 33*u**3 - 6*u**2 - 4. Calculate the remainder when f(q) is divided by 14.
12
Calculate the remainder when ((-114)/(-5))/(22/1210) is divided by 15.
9
Let g = -867 + 1501. Let x = g + -610. Calculate the remainder when 151 is divided by x.
7
Let c(a) = a**2 + 60. Let z be c(0). Suppose -z - 68 = -4*p. What is the remainder when p is divided by 142/8 + 8/32?
14
Let z(n) = -n**3 + 8*n**2 - 17*n + 10. Let t be z(5). Suppose t = -3*f + 85 + 41. Let g = f - 30. What is the remainder when 67 is divided by g?
7
Suppose -3*p = -10 + 1. Let z(w) = 7*w + 55. Let q(s) = 4*s + 28. Let y(i) = p*z(i) - 5*q(i). What is the remainder when y(18) is divided by 22?
21
Suppose 3468 = 44*r + 57*r + r. What is the remainder when 9247 is divided by r?
33
Suppose 5 = 2*o - 5. Suppose -942 = 3*s + o*i, -s - 4*i - 630 = s. What is the remainder when (s/(-6))/(-1 - 3/(-2)) is divided by 15?
13
What is the remainder when (15/(960/(-464)))/(((-2)/184)/1) is divided by 174?
145
Suppose 5*i - 12 = i. Let p be (i/(2 + -11))/(5/(-1230)). Suppose 2*f + 18 = p. What is the remainder when 61 is divided by f?
29
Let n = 70 + -65. Suppose 7 + 37 = 4*q - n*k, 2*q - 4 = -2*k. Calculate the remainder when 49 is divided by q.
1
Let c = 12870 + -11181. Calculate the remainder when c is divided by 12.
9
Suppose -2*w - 8*w = 7960. Let a = 852 + w. Calculate the remainder when 164 is divided by a.
52
Let p = 2572 + -1544. Calculate the remainder when 2063 is divided by p.
7
Let i(v) = v**3 + 34*v**2 + 30*v - 35. Let b be i(-33). What is the remainder when 159 is divided by (5 - b/12)/(1/(-111))?
11
Suppose 7*g - 9 = 6*g. Let c = 2751 + -2611. What is the remainder when c is divided by g?
5
Suppose -392*r + 397*r - 25 = 0. Suppose -r*l + l = 0, -2*n - 2*l = -668. What is the remainder when n is divided by 5?
4
Let v = 3 + 135. Suppose v = 8*i + 15*i. What is the remainder when 21 is divided by i?
3
Let s(y) = -2*y**3 + 24*y**2 + 2*y - 20. Let p be s(12). Suppose 0 = -q + 4*l - 3, -p*l - l + 10 = 0. What is the remainder when 101 is divided by q?
1
Suppose l = 2*c + 20, 3*c = 2*c. Suppose 0 = -2*t - z - 83 + 35, 0 = 4*t - z + 102. Let b = 32 + t. Calculate the remainder when l is divided by b.
6
Let x(u) = -16*u**2 - 305*u + 21. Calculate the remainder when x(-18) is divided by 39.
15
Let x = 897 - 806. Let g(l) = l**3 + 4*l**2 + 2*l. Let b be g(-3). Suppose -b*n - 7 + x = 0. What is the remainder when 100 is divided by n?
16
Let f = -10787 + 10840. What is the remainder when 201 is divided by f?
42
Let f(i) = 43*i**2 - 694*i + 3447. Calculate the remainder when f(5) is divided by 120.
92
Suppose -42*j + 47*j - 25 = 0. Suppose 5*b - j*m = 155, -4*m - 43 = -2*b + 25. Calculate the remainder when b is divided by 2.
0
What is the remainder when 48 is divided by (((-78)/117)/((-8)/234))/((-12)/(-16))?
22
Let j(s) = -s**3 - 24*s**2 + 2. Let w be j(-24). What is the remainder when (-316)/w*(-9)/18 is divided by 20?
19
Let m = 5131 + -4459. Calculate the remainder when m is divided by 25.
22
Let m(h) = h**2 - 58*h - 6035. What is the remainder when m(-60) is divided by 25?
20
Let t = -21 - -102. Suppose 271 = 5*w - 3*d + 44, -4*d = -w + 59. What is the remainder when t is divided by w?
38
Suppose 3*i + 9*i = -2148. What is the remainder when ((-13)/(-6))/13 + i/(-6) is divided by 9?
3
Suppose -3 + 2 = -k, i + 5*k = 9. What is the remainder when ((-2)/(-10))/((-1)/(-165)) is divided by i?
1
Let n = 31 + -29. Let m be -1*(-7 - (0 - 1 - n)). Suppose 3*k = -m*t + 88 + 3, 0 = -3*k - 3*t + 96. What is the remainder when k is divided by 19?
18
Let x(w) = 173*w**2 + 6*w - 5. Let t be x(1). Suppose 2*u = 8*u - t. What is the remainder when 75 is divided by u?
17
Suppose 10*m - m = -5*m. What is the remainder when 18/45*(39 - (-1 + m)) is divided by 12?
4
Suppose 3916*c - 3912*c - 10640 = 0. What is the remainder when c is divided by 14?
0
Let o(l) = l**3 - 8*l - 9*l + 4*l + 3*l**2. Let k = -2745 - -2740. What is the remainder when 178 is divided by o(k)?
13
Suppose 0 = -2*f + s + 8 + 9, 0 = f - 3*s + 4. Suppose 34 = -5*q - 16. Calculate the remainder when (64/q)/(-1)*5 is divided by f.
10
Let v(p) = 76 + 47*p + 38*p - 121*p + 37*p. What is the remainder when v(13) is divided by 44?
1
Suppose 4*k = -3*u + 926, -42*k + 45*k = -5*u + 678. Calculate the remainder when k is divided by 112.
12
Let w be 34/85 - (-964)/(-10). Let f = 97 + w. Let g(s) = 6*s**2 + s. Calculate the remainder when 24 is divided by g(f).
3
Suppose 780*t - 540 = 750*t. Calculate the remainder when 8223 is divided by t.
15
Suppose 3*a + 2510 = 2*z, -3*z + 4*a + 2327 = -1438. Suppose -10*h + 75 = -z. Calculate the remainder when h is divided by 70.
63
Let o = -8204 + 8431. Calculate the remainder when o is divided by 32.
3
Calculate the remainder when 8058 is divided by (-54)/11*(-71)/(2343/242).
30
Let m = 24 + 18. Suppose 3*x + 60*l - 82 = 61*l, 0 = -x + 4*l + 53. What is the